0. Let h be f(4). What is the greatest common divisor of 680 and h?
40
Suppose -1794 - 1068 = -53*r. Let s be 4/14 - 250/(-7). What is the greatest common divisor of r and s?
18
Let l be ((-11)/(-22))/((-916)/(-456) - 2). What is the highest common factor of l and 475?
19
Let k(t) = -4*t - 14. Let y be k(-6). Let i = 11 - y. Let c be i*(109 + (-1 - 0)). What is the greatest common factor of c and 12?
12
Suppose 2343 + 537 = 10*p. Suppose d - 64 = -d. Calculate the greatest common factor of p and d.
32
Let x(a) = -79*a**3 - 2*a**2 - 10*a - 2. Let s be x(-2). Calculate the highest common factor of s and 6.
6
Suppose -4*l = -2*a + 52, -74 = -3*a - 0*l + 2*l. Calculate the greatest common factor of a and 192.
24
Let u be 2/(938/84 + -11). Suppose -5*l - 2*c + 549 = c, -5*l + 537 = -c. What is the highest common divisor of l and u?
12
Let f(p) = -3*p - 6. Let n be f(-10). Let s be 150/n + 6/8. Let o be (-1536)/(-20) - (-1)/5. Calculate the greatest common factor of s and o.
7
Suppose -2*b = -0*b - 4*h + 12, -b - 4*h = 6. Let x be (-3)/b*4 + 3. Calculate the highest common divisor of x and 25.
5
Let r(b) = 40*b**2. Let p(x) = -x**3 - 11*x**2 - 10*x - 1. Let i be p(-10). Let o be r(i). Let h = 2 + 6. What is the greatest common factor of o and h?
8
Let n be (-38)/(-95) + (-38)/(-5). What is the greatest common factor of n and 36?
4
Let i = 159 - 113. What is the highest common divisor of 46 and i?
46
Let v = 68 + -67. What is the highest common divisor of v and 1?
1
Suppose 7*q = 32 + 3. Suppose 5*a = 5*b - 55, -2*b + q*a = -4*b + 8. Calculate the highest common divisor of 12 and b.
3
Let a = -559 + 751. Calculate the greatest common divisor of a and 24.
24
Suppose -2*f + 4*h = -f - 155, -3*h = -2*f + 285. Let c = -112 + f. What is the highest common factor of 299 and c?
23
Let b(p) = -2*p**2 - 33*p + 6. Let z be b(-16). Suppose -19*a + z*a - 27 = 0. What is the greatest common factor of 9 and a?
9
Let f = -214 - -261. What is the highest common factor of f and 94?
47
Let m(y) = y**2 + 51*y - 74. Let l be m(-53). What is the greatest common factor of 18 and l?
2
Let t(x) = -37*x + 8. Suppose -5*d = 2*w + 43, 0*d + 9 = d - 4*w. Let z be 1*(d + 3 + 1). Let q be t(z). What is the highest common divisor of 17 and q?
17
Suppose -a - 653 + 670 = 0. What is the highest common factor of 51 and a?
17
Let x(c) be the second derivative of -5*c - 1/6*c**3 + 0 + 14*c**2. Let d be x(11). What is the highest common divisor of 136 and d?
17
Suppose -5*j - 25 = 0, -3*u + 1 = 4*j + 9. Let t = 19 - -13. Calculate the greatest common factor of t and u.
4
Suppose -u - 3*n = -25, u = -4*u + 3*n + 107. Calculate the greatest common divisor of 6 and u.
2
Let v be 0/(-4)*2/(-4). Suppose v = -3*p - 2*p + 40. Let m(k) = k**3 + 11*k**2 + 6*k - 20. Let z be m(-10). Calculate the highest common divisor of p and z.
4
Suppose 2*o = 191 + 169. Calculate the highest common divisor of 300 and o.
60
Let j = -374 + 444. Calculate the highest common divisor of j and 10.
10
Let l(s) = 2*s**3 + 3*s**2 - 5*s - 2. Let y be l(-3). Let o = y + 41. Calculate the highest common divisor of o and 3.
3
Suppose 0 = -6*i + 4*i + 90. Let p = 9 + i. Calculate the highest common factor of p and 18.
18
Suppose y - 1455 = -4*b + 1430, 5*b - 5*y - 3575 = 0. What is the highest common divisor of 135 and b?
45
Let j = 39 - 19. Let o be (j/40)/(2/48). Let x be ((-12)/9)/(2/(-27)). What is the greatest common factor of o and x?
6
Let z(o) = -o**2 + 13*o - 16. Let b be z(11). Let d = b + -5. Let h be (27 + 5)/(d/3). What is the highest common divisor of h and 12?
12
Let f be (5/(-10))/(2/(-16)). Suppose f*x + 290 = 2222. Let g be (-2)/(-8) - x/(-4). What is the highest common factor of 11 and g?
11
Suppose 6*v - 101 = 223. What is the highest common divisor of v and 27?
27
Suppose 5*z = -2*v + 75, 3*v = -3*z - z + 60. Calculate the highest common divisor of 40 and z.
5
Suppose 28*y = 19*y + 288. Suppose -5*q + w + 403 = 0, 0*w - 83 = -q + w. What is the greatest common divisor of q and y?
16
Let x(r) = -9*r**3 + 2*r**2 - 1. Let b be x(1). Let n be 539/(-3) - b/12. Let q = 299 + n. Calculate the highest common factor of 15 and q.
15
Let r = 332 + -325. Calculate the greatest common divisor of 217 and r.
7
Suppose -4*h = -5*f - 76, 3*h + f = 36 + 2. Suppose 8*k = -k + 18. Let b be 12*6/8 - k. Calculate the highest common factor of h and b.
7
Let w = 8 + -10. Let j be 0 - w*(3 + -1). Let z be (-40)/1*(-3)/j. What is the highest common factor of 6 and z?
6
Suppose -5*g + 4*w + 347 = -199, -2*g - 2*w + 204 = 0. Let u = 156 - g. Let i = 57 - 37. What is the highest common divisor of u and i?
10
Suppose v - 22 = y - 3*y, 0 = 3*y - 12. Let u(z) = 27*z**2 + 6*z - 8. Let w be u(2). What is the highest common factor of v and w?
14
Let f be 2/(-15) + 158444/780. What is the greatest common factor of 29 and f?
29
Let l(v) = -4*v + 43. Let o = 3 + -3. Let b be l(o). Calculate the greatest common divisor of b and 129.
43
Let d(g) be the second derivative of g**4/3 - 7*g**3/3 - g**2 + 44*g. Let t be d(4). Let z be 2/1*(1 - -20). Calculate the greatest common factor of t and z.
6
Let r(n) = 4*n**2 + 18*n + 6. Let z be r(-6). Let w be 664/28 + 12/z. What is the greatest common divisor of 36 and w?
12
Let m = -22 - -35. Let z(q) = -24*q - 9. Let b be z(-2). Calculate the highest common divisor of m and b.
13
Let y = -894 - -909. Let n be (-1 - 2)/3 + 6. What is the greatest common factor of y and n?
5
Suppose 1 = 103*d - 1029. What is the greatest common divisor of 40 and d?
10
Suppose 27*a = 22*a - 3*c + 387, 0 = 2*a + 4*c - 166. Calculate the greatest common divisor of a and 195.
15
Suppose 0 = -2*h - h + 45. Let m be (-2)/(-10) + 342/h. Suppose i = 2*i - 2*t - 67, 0 = -5*t + 5. Calculate the highest common divisor of i and m.
23
Suppose 2*l = c + 4 + 1, -2*c = l - 15. Suppose 3*h = -3*p + 33, 2*h + 2*h + l*p = 49. What is the highest common divisor of 4 and h?
2
Let y be (-58)/(-6) - (-2)/(-3). Let a(i) = 2*i - 123. Let f be a(66). Calculate the greatest common divisor of y and f.
9
Let z(j) = -j**3 + 15*j**2 + 54. Let c be z(15). Calculate the greatest common factor of 90 and c.
18
Suppose -2*u + 115 - 29 = 0. Suppose 5*s + 4*q = 176, -s = 5*q - 9 - u. Let f be s/(-24)*3/(-2). Calculate the highest common divisor of 2 and f.
2
Let f = -1854 + 1863. Suppose -3 = -6*y + 3*y. What is the highest common divisor of y and f?
1
Let m = -122 - -177. Calculate the greatest common divisor of m and 22.
11
Suppose 10*b - 1788 = 672. Calculate the highest common divisor of 30 and b.
6
Let h(w) = 36*w**2 - 8*w + 12. Let c be h(6). What is the greatest common factor of c and 45?
45
Suppose -6 = -y - 4, -3*x = 2*y - 814. Calculate the highest common factor of 27 and x.
27
Suppose 0 = 5*u - 2*j - 35, -2*u + 2*j = -11 - 9. Let k = u - -19. Let t = 5 + -2. Calculate the highest common divisor of t and k.
3
Let i(d) = d - 4. Let n be i(5). Let b(z) = 5*z + 1. Let x be b(n). Suppose 2*j - x*j = -64. Calculate the greatest common factor of 40 and j.
8
Suppose t - 60 = -2*t. Let x be ((-12)/(-10))/(4/t). Let h = 469 - 451. What is the greatest common divisor of h and x?
6
Suppose -14*m + 3*m + 3564 = 0. Suppose 0 = -10*z + 28*z - m. Let w be 2/(22/18 - 1). Calculate the greatest common factor of w and z.
9
Let k = 170 - 167. Let n = -34 + 55. Let u be (-7)/n - 91/(-3). Calculate the greatest common factor of u and k.
3
Let s(k) = -k**3 - 5*k**2 + 7*k + 10. Let l(r) = 11*r + 5. Let h be l(-1). Let a be s(h). Calculate the highest common divisor of 2 and a.
2
Let u be (10 - 4)*8/(-12). Let d = u + 17. Calculate the greatest common divisor of 26 and d.
13
Suppose 0*r = 5*n + 2*r + 530, n - 4*r = -84. Let f be ((-58)/8 + -1)/(2/n). Calculate the highest common divisor of 39 and f.
39
Let q be ((-2)/(-3))/(4/330). Suppose -b + 40 = -5*b. Let k be (2 + 0)*b/(-4). Calculate the greatest common factor of k and q.
5
Let b = -12 + 17. Suppose -8*y = -b*y. Suppose r - 8 = -y. Calculate the highest common factor of 2 and r.
2
Let c = 570 - 553. Calculate the greatest common factor of 1241 and c.
17
Suppose -3*x - x = -224. Suppose 5 = -5*k, k - 203 = -g - 120. What is the highest common divisor of x and g?
28
Suppose 3*p - 7 - 23 = 0. Let r(n) = -2*n - 9.